 what is 4 + 2234?
2243
In base 5, what is 11 + 1034?
1100
In base 8, what is 11 - 426?
-415
In base 13, what is 3 - 9b?
-98
In base 5, what is 4013 - -10?
4023
In base 5, what is -102341 - -1?
-102340
In base 4, what is -2 + -222?
-230
In base 8, what is 4 - 326?
-322
In base 8, what is 5 + 502?
507
In base 8, what is -503 + -2?
-505
In base 6, what is -1354 + 53?
-1301
In base 12, what is -5 + 154?
14b
In base 11, what is 835 - -2?
837
In base 6, what is 5513 + -2?
5511
In base 4, what is -2 + -112011?
-112013
In base 10, what is 12 + -37?
-25
In base 8, what is -3 + 67?
64
In base 11, what is 19a - 4?
196
In base 16, what is -2a - 3?
-2d
In base 11, what is 366 + -43?
323
In base 16, what is -1 + 164?
163
In base 8, what is -11570 - -2?
-11566
In base 2, what is -101110001 + -11?
-101110100
In base 10, what is -4 + 171?
167
In base 14, what is -1016 - -5?
-1011
In base 8, what is 3536 - 4?
3532
In base 2, what is -100 + 100000111111?
100000111011
In base 4, what is 10 - 0?
10
In base 10, what is 136 - -3?
139
In base 8, what is -567 - -30?
-537
In base 15, what is 5 + -48?
-43
In base 4, what is -22323 + 23?
-22300
In base 5, what is 14 - 1030?
-1011
In base 10, what is 1 + 34?
35
In base 7, what is 10 + -11?
-1
In base 6, what is 3 - 444?
-441
In base 7, what is 6 + -11?
-2
In base 5, what is -2332 - 2?
-2334
In base 3, what is 10102 + 22?
10201
In base 3, what is 11 - 110?
-22
In base 8, what is 356 + -55?
301
In base 15, what is 5e8 + -3?
5e5
In base 9, what is -234 + 3?
-231
In base 10, what is 17 + 113?
130
In base 13, what is -2 + 39?
37
In base 7, what is 243 + -51?
162
In base 13, what is -95 + 3?
-92
In base 3, what is 11200 - 1100?
10100
In base 4, what is 131320 - -11?
131331
In base 4, what is -30 - 3022?
-3112
In base 7, what is -221 + -15?
-236
In base 14, what is 10 + 461?
471
In base 7, what is -1352 - 6?
-1361
In base 3, what is 2 + -10001022?
-10001020
In base 15, what is -4 - 13?
-17
In base 10, what is 9 + -25?
-16
In base 6, what is -2541 + 2?
-2535
In base 9, what is 51 - -12?
63
In base 15, what is -5 - 21?
-26
In base 12, what is 4980 + -2?
497a
In base 5, what is 214 + -10?
204
In base 13, what is -2 - b3?
-b5
In base 14, what is -14 - 2c?
-42
In base 6, what is -50 + 5?
-41
In base 2, what is 10 + 11110101?
11110111
In base 9, what is 50 + 47?
107
In base 16, what is 3b0 + 4?
3b4
In base 10, what is 1123 - -13?
1136
In base 7, what is 16 + 15?
34
In base 13, what is 6 + c1?
c7
In base 14, what is dd9 - 1?
dd8
In base 12, what is -1 - -3?
2
In base 15, what is 109 - 5?
104
In base 11, what is 88 - 15?
73
In base 7, what is 5 + -6605?
-6600
In base 4, what is 10 + -3210?
-3200
In base 2, what is 1100011 - -11?
1100110
In base 12, what is -16 + -32?
-48
In base 16, what is -3a0 + -6?
-3a6
In base 3, what is -2100 - 12?
-2112
In base 7, what is 1562 + 0?
1562
In base 9, what is 763 + -5?
757
In base 6, what is -15413 - 1?
-15414
In base 3, what is -10 + 121111?
121101
In base 16, what is 3d1 - 19?
3b8
In base 14, what is -4 + 44?
40
In base 2, what is -10000111110 + -101?
-10001000011
In base 5, what is 113 + 320?
433
In base 6, what is -1 + -114?
-115
In base 5, what is -1040 + 220?
-320
In base 2, what is 100 - 110?
-10
In base 5, what is 2 + 124?
131
In base 2, what is 10010110110 + 10?
10010111000
In base 6, what is 1 + 102?
103
In base 5, what is 10 - -1234?
1244
In base 5, what is 2 - -411?
413
In base 8, what is -1 - 22?
-23
In base 13, what is 171 - 1b?
153
In base 12, what is 1aa4 + 4?
1aa8
In base 6, what is -104 + -132?
-240
In base 16, what is 187 + -7?
180
In base 12, what is 5 - 3b9?
-3b4
In base 15, what is -363 + -1?
-364
In base 13, what is -47 - 3?
-4a
In base 11, what is -15 - 281?
-296
In base 15, what is 3c + -1?
3b
In base 8, what is 7515 + 1?
7516
In base 15, what is -138 + 16?
-122
In base 5, what is -3 - -1321?
1313
In base 2, what is 100101011100 + 10?
100101011110
In base 2, what is -11100 + 100?
-11000
In base 14, what is 2 + 184?
186
In base 6, what is 20 + -1010?
-550
In base 12, what is -8 - -11?
5
In base 2, what is -10101 - 101011?
-1000000
In base 15, what is 2 + 4?
6
In base 9, what is -203 - -4?
-188
In base 5, what is 311 - -10?
321
In base 6, what is -3 + -2031?
-2034
In base 9, what is -207 + 4?
-203
In base 16, what is -1 - -113?
112
In base 15, what is -12d - 0?
-12d
In base 3, what is 110 + 101?
211
In base 7, what is -1 - -1064?
1063
In base 13, what is 9 + a4?
b0
In base 14, what is 0 + 11a?
11a
In base 15, what is 3 + -40?
-3c
In base 2, what is -110 + -111110100?
-111111010
In base 8, what is -3767 + 2?
-3765
In base 9, what is 3 + 4775?
4778
In base 2, what is -10 - 11?
-101
In base 10, what is -939 - -9?
-930
In base 7, what is 65 - -534?
632
In base 3, what is 11 + -1200?
-1112
In base 7, what is 61 + 2?
63
In base 2, what is -10001111 - 1111?
-10011110
In base 4, what is -3 - 11320?
-11323
In base 3, what is -2200 + 1?
-2122
In base 9, what is 412 - 50?
352
In base 2, what is -1110 + -1100100?
-1110010
In base 8, what is 2434 - -2?
2436
In base 4, what is -11 + -331?
-1002
In base 10, what is 5 - -13?
18
In base 11, what is 3 + -174?
-171
In base 2, what is 1101001010 - 10010?
1100111000
In base 7, what is -241 - -142?
-66
In base 8, what is 3 + -201?
-176
In base 12, what is -83 + -18?
-9b
In base 16, what is -4 - 3d?
-41
In base 7, what is 54 - -3?
60
In base 7, what is 11 + -2131?
-2120
In base 8, what is 0 + 23?
23
In base 6, what is -1141 - -113?
-1024
In base 4, what is -2 - 32030?
-32032
In base 9, what is -23 + -41?
-64
In base 13, what is 51 - 1?
50
In base 16, what is 15 - -2d?
42
In base 7, what is -14034 + 3?
-14031
In base 13, what is -6a37 - 1?
-6a38
In base 15, what is -58 + 3?
-55
In base 3, what is -1 - 221?
-222
In base 9, what is 2 + 113?
115
In base 8, what is -5 - -322?
315
In base 12, what is -5 + 158?
153
In base 9, what is -1 - 114?
-115
In base 7, what is -2 - 10426?
-10431
In base 14, what is 145 - -2b?
172
In base 7, what is 20032 + 1?
20033
In base 10, what is -2241 + 1?
-2240
In base 15, what is 1eb + -6?
1e5
In base 3, what is -10 - 121?
-201
In base 6, what is -1405 - 4?
-1413
In base 4, what is -30 + -11?
-101
In base 2, what is 101 + -100011?
-11110
In base 7, what is -113 + 536?
423
In base 6, what is 10034 + -5?
10025
In base 16, what is -2 - -3d?
3b
In base 4, what is -1012 - 3?
-1021
In base 11, what is 6 + -96?
-90
In base 7, what is -52503 - 5?
-52511
In base 13, what is b4 + 1c?
103
In base 13, what is -4 + -a?
-11
In base 16, what is 4 + 142?
146
In base 9, what is 3 - 147?
-144
In base 9, what is 6023 + -2?
6021
In base 2, what is -10000111010010 + -10?
-10000111010100
In base 13, what is 57 - 2?
55
In base 2, what is -10 - -1000010?
1000000
In base 3, what is -211012 - 10?
-211022
In base 12, what is -4 + 37?
33
In base 5, what is -2 + -230?
-232
In base 8, what is -1 + 225?
224
In base 9, what is 25 - -7?
33
In base 16, what is 231 - 2?
22f
In base 9, what is 381 - 4?
376
In base 2, what is -1001000100 + -10?
-1001000110
In base 4, what is -1013 - -2?
-1011
In base 6, what is 1222 + -4?
1214
In base 3, what is -2 + -10202?
-10211
In base 2, what is 101 + 101000001?
101000110
In base 15, what is -ce + 4?
-ca
In base 13, what is 2b8 - -1?
2b9
In base 7, what is 1 + -1653?
-1652
In base 5, what is -2013 - -2?
-2011
In base 6, what is 1 - -350?
351
In base 5, what is 41 + 110?
201
In base 5, what is 110 + -4?
101
In base 5, what is 0 + 23012?
23012
In base 15, what is -3 + 55?
52
In base 10, what is 206 + -6?
200
In base 5, what is -113 - -1313?
1200
In base 13, what is 2 - 40?
-3b
In base 16, what is -9fe - -1?
-9fd
In base 16, what is 0 + -e0?
-e0
In base 12, what is 0 - 24?
-24
In base 9, what is 178 + 4?
183
In base 7, what is -1 - 14?
-15
In base 14, what is -d - -44?
35
In base 7, what is -5 + 1120?
1112
In base 13, what is -5cc - 0?
-5cc
In base 4, what is -10 - 10001?
-10011
In base 10, what is -109 + -1?
-110
In base 9, what is -3 + -273?
-276
In base 6, what is 3 + -4314?
-4311
In base 12, what is 10 - 20?
-10
In base 9, what is -5 - -11?
5
In base 5, what is 10 + -4021?
-4011
In base 3, what is 1102 + 1012?
2121
In base 16, what is 32 + 8?
3a
In base 8, what is -31 - -6?
-23
In base 4, what is -300 - -3?
-231
In ba